1
Let i(q) = q**3 - 5*q**2 + 6. What is the tens digit of i(6)?
4
Let z(x) = -14*x**3 - 4*x**2 - 4*x - 8. What is the tens digit of z(-3)?
4
Let x(y) = 2*y**2 + y - 2. What is the units digit of x(2)?
8
Suppose 547 = 7*h - 300. What is the tens digit of h?
2
Let u be (-12)/9 - (-4)/(-6). What is the units digit of (2 - -83)*u/(-5)?
4
Let b(t) = -t**3 + 9*t**2 - 4*t - 2. What is the units digit of b(8)?
0
Let h(b) = -4*b + b**2 - 20 + 26 + 13*b. What is the units digit of h(-9)?
6
Let t(n) = 8*n**2 + 5. What is the tens digit of t(-2)?
3
Let w(m) = 3*m**3 + m**2 + m - 2. Let l be w(3). Suppose 0 = 6*a - l - 29. What is the units digit of a?
0
Suppose -5*k + 73 = 3*f - k, 5*k = -5*f + 120. Let n = 51 - f. What is the units digit of n?
8
Let g be (-3)/(3/(-2)) + 5. Let z be 78/21 + 6/21. Suppose -z*y + 16 = 3*q + q, -y + 2*q = -g. What is the units digit of y?
5
Let q(d) = 2*d**2 - d. Let z(a) = -a**3 - a**2 - a + 1. Let c be z(0). What is the units digit of q(c)?
1
Let l(c) = c - 1. Suppose -2*u = 3*u - 25. Let q be l(u). Suppose -k = 3*v - 31, -k + 5 - q = 0. What is the units digit of v?
0
Let g be ((-1 + 5)*-1)/(-1). What is the units digit of g*3*2/4?
6
Let p(g) = -g + 13. What is the units digit of p(0)?
3
Suppose 0 = 12*n - 9*n - 384. What is the tens digit of n?
2
Let i be (-54)/(-15) - 6/(-15). What is the units digit of (2 + i)/((-2)/(-4))?
2
Let c = 6 - 5. Let a(g) = g**3 - 6*g**2 - 2. Let r be a(6). What is the units digit of c/(-1) - r/1?
1
Let y(r) = 3*r**2 - r. Let o be 1/2*(2 - 4). Let d be y(o). Suppose -3*p = 4*g + g - 32, -3*g = -d*p + 4. What is the units digit of p?
4
Suppose 5*y = -o + 255, 3*y = 3*o + 114 + 57. What is the tens digit of y?
5
Suppose 0 = -6*s + 3*s - 24. Let m(k) = -3*k - 12. What is the tens digit of m(s)?
1
Let o(r) = -4*r**2 + 8*r - 3. Let d(a) = 4*a**2 - 7*a + 2. Let s(l) = -5*d(l) - 4*o(l). Let x be s(-2). What is the tens digit of ((-12)/8)/(3/x)?
1
Suppose 2*d - 52 = -0*d. What is the units digit of d?
6
Let q(r) = r**2 - 9*r - 9. What is the units digit of q(10)?
1
Let x be (-1220)/18 - (-6)/(-27). What is the tens digit of (-2 + 0)/(8/x)?
1
Let t(l) = l**2 - 7*l + 9. Let v = 0 + 4. Let q be 2/v*-2*-7. What is the units digit of t(q)?
9
Let b(z) = -z + 7. Let h be b(7). What is the units digit of (h + 8)*(-3)/(-6)?
4
Suppose -2*n + 3*k + 73 = 8*k, 2*k = 3*n - 100. What is the units digit of n?
4
Suppose -5*v - 3 = -18. Let n = v + 1. Suppose 4*x = 2*m + 50, -n*x - m = -2*m - 49. What is the tens digit of x?
1
Let l = -3 - -3. Suppose l*o + 6 = 2*o. What is the units digit of o?
3
Let u(a) = 5*a**3 - 2*a - 1. Let y be u(-1). What is the units digit of y/30*6*-5?
4
Suppose -4*t = -2*t - 118. What is the tens digit of t?
5
Let c = 27 + -9. Suppose -4*p + c = -p. What is the units digit of p?
6
Let h be 2 - (-6 - (-4)/2). Let n be h/9 + (-20)/(-6). Suppose -n*p + 6 = -2. What is the units digit of p?
2
Let i(q) = -q**2 - 8*q - 6. Let o be i(-5). Let j = 0 + o. Suppose v + 0*v + 2*u = -j, 0 = -5*v - 3*u - 10. What is the units digit of v?
1
Suppose 0*y - 2*y - 5*q = -70, 0 = -3*y - 3*q + 87. What is the units digit of y?
5
Suppose 0 = -4*m - 2*t + 36, -3*m = m - 5*t - 8. Suppose -m*z = -2*z - 10. Suppose 0 - z = -2*i. What is the units digit of i?
1
Suppose 0 = t + 5 - 1. Let c = t + 7. What is the units digit of c?
3
Let l = -56 - -81. Suppose -2*o - 4*b - 41 = -5*o, -5*b = l. Suppose -25 = 2*m - o*m. What is the units digit of m?
5
Let f(o) be the second derivative of o**4/12 - 5*o**3/6 + 5*o**2/2 - 2*o. Let c be f(4). Let y(n) = 3*n**3 + n**2. What is the units digit of y(c)?
4
Suppose -3*d + 8 = -16. What is the units digit of d?
8
Suppose -5*x + 5 = -0*x - q, -3*x - 4*q = -26. What is the units digit of x?
2
Let h = 7 + -6. What is the units digit of (h - -11) + (-4)/2?
0
Suppose -d - 3 = -0. Let o = 0 - d. Suppose c + 0*c = o. What is the units digit of c?
3
Let g(r) = -r**3 - 5*r**2 - 4*r - 5. Let t be g(-4). Let p = 35 + t. What is the units digit of p?
0
Suppose 5*k - 8*k + 879 = 0. What is the hundreds digit of k?
2
Let g(b) = b + 8. Let j be g(-4). Let y = 8 - j. What is the units digit of y?
4
Let p = 111 - -176. What is the tens digit of p?
8
Let u = 4 - -68. What is the tens digit of u?
7
Let r(t) = -t - 11. Let k be r(-8). What is the units digit of 3/(1/((-2)/k))?
2
Suppose 2 = -0*o + o. Suppose -a + o*a - 4*f = 11, 3*a - 84 = -5*f. What is the units digit of a?
3
Let d(x) = 16*x + 30. What is the tens digit of d(6)?
2
Let p = 36 - 40. Suppose 2*o = 0, 0 = d + 5*o + 1 - 3. What is the units digit of (d - -2)*(-14)/p?
4
What is the tens digit of (28/6)/(((-24)/45)/(-4))?
3
Let l(f) = -2*f - 3. Let q be l(-5). Let n = 2 + q. What is the units digit of n?
9
Suppose 5*r = -0*r + 25. Let b(a) = -r + 3 + 5 + 0*a - a. What is the units digit of b(-6)?
9
Let r be (-16)/(-6)*3/(-2). What is the units digit of 129/4 + (-3)/r?
3
Let u be (3/(-9))/((-5)/(-75)). What is the units digit of (-1 - 1 - u) + 0?
3
Let q(i) = i**3 + 9*i**2 + 7*i - 12. What is the units digit of q(-5)?
3
Let w(l) = 12*l**2 + 2*l + 1. Let a = -3 - -2. What is the units digit of w(a)?
1
Suppose -u + 4 - 1 = 0. Suppose -y - 18 = l - 4*l, 3*l - u*y - 24 = 0. What is the units digit of l?
5
Suppose -5*m - 2 = -3*c, m - 5*c + 13 = -5. Suppose 0*t = -t + m*h + 22, 38 = 3*t + h. What is the tens digit of t?
1
Let i(k) = 66*k - 37. What is the hundreds digit of i(4)?
2
Let l(p) be the third derivative of -p**6/120 + p**4/12 - p**3/6 - 2*p**2. Let h be l(1). Suppose h = -5*c + 4*c + 2. What is the units digit of c?
2
Let w be ((-15)/(-9) + -3)*-24. Suppose 12 = -4*f + w. Suppose -f*t = -q - 35, -2*t + q + 18 = 1. What is the units digit of t?
6
Let y be (-4)/18 - 120/(-54). Let s = -3 + 6. Suppose s = 3*w - y*w. What is the units digit of w?
3
Suppose -23 = 4*s + 3*w, 0*s + 5*s + 5*w = -35. Let r = s + 21. What is the units digit of r?
9
Let d = -5 - -7. What is the units digit of (-3)/6 - (-25)/d?
2
Suppose -2095 = 9*f - 14*f. What is the units digit of f?
9
Let j(f) = f - 3. Suppose 2*m + 12 = 6*m. Suppose -5*v = -t + 19, 12 = -m*v - v. What is the units digit of j(t)?
1
Suppose -56 = -3*m + 157. What is the units digit of m?
1
Suppose f + 0 - 1 = 0. Suppose -n - f = -37. Suppose -4*t - 14 = 6, 2*q = 2*t + n. What is the tens digit of q?
1
Let b = 10 - 5. Let v(j) = -j**3 + 6*j**2 - 5*j + 7. What is the units digit of v(b)?
7
Suppose 11 + 14 = -5*l + 5*k, 3*k = 12. What is the tens digit of (86/6)/(l/(-3))?
4
Let u be (2 + 0)/(-2) + -1. Let z be (-6)/((-3)/(-4)*u). Suppose 0*j - 4*j + z = 0. What is the units digit of j?
1
Let d be 2/6 + 505/15. Suppose w = 3*w - d. Let b = 30 - w. What is the units digit of b?
3
Let v be (-27)/(-6) - 1/2. Suppose -4*t + 36 = v*x, -43 = -2*t + 2*x + x. What is the tens digit of t?
1
What is the tens digit of (-2)/((-20)/178) - 10/(-50)?
1
Suppose -6*x - x = -364. What is the units digit of x?
2
Let n(w) = -22*w + 4. Let q be n(13). What is the tens digit of q/15*15/(-6)?
4
Let t = 80 - 39. What is the units digit of t?
1
Let n = 34 - -14. What is the units digit of n?
8
What is the units digit of -6 + 136/22 + (-75)/(-11)?
7
Let b(g) = -g**3 + g**2 + g - 3. Let s be b(0). Let t = s + 2. What is the units digit of (1/t)/((-2)/14)?
7
Suppose -2*k = 2*o - 20, k + 4*o - 45 = -4*k. Suppose 3*r = v - 20 + 3, -2*r = 3*v + 4. Let a = k - v. What is the units digit of a?
3
Let t = -81 + 154. What is the units digit of t?
3
Suppose 2*t = -t + 12. Let p be t - 2 - (-4)/2. Suppose -p*j = -9*j - 2*s + 13, 10 = 2*j + 2*s. What is the units digit of j?
1
Let i(g) = 3*g - 3. Let k be i(3). Let x be k/27 - (-34)/9. What is the units digit of (x/(-6))/((-4)/30)?
5
Let v(w) = 3*w - 6. Let i be v(12). Let o(k) = k**2 + 4*k + 5. Let h be o(-4). Suppose -i - 5 = -h*r. What is the units digit of r?
7
Suppose 33 + 48 = o. What is the units digit of o?
1
Let n(u) = -u**3 - u**2 - u + 37. What is the tens digit of n(0)?
3
Suppose 3*l = -4*w + 39, 3*w + 14 = 2*w + 4*l. Suppose -3*i - 21 = -w*i. Suppose i = -5*q + 37. What is the units digit of q?
6
Suppose 3*g - 2*g - 29 = -3*i, -5*g + 57 = 4*i. Suppose 0*q + i = q. What is the units digit of q?
8
Let r(n) = 11*n - 24. What is the hundreds digit of r(18)?
1
Let k be (4 - 3